prime number?
False
Is 1467821 prime?
True
Is 71149178 composite?
True
Is 5103929 prime?
True
Is 4141271 a prime number?
False
Is 1190785 a prime number?
False
Is 34108913 a composite number?
False
Is 150672869 prime?
False
Is 6903231 a prime number?
False
Is 153522113 prime?
True
Is 117011539 a prime number?
True
Is 86279099 composite?
False
Is 5978933 composite?
False
Is 375187 a composite number?
True
Is 104472419 prime?
True
Is 679403 composite?
False
Is 14227231 a composite number?
True
Is 2625641 prime?
True
Is 5113639 prime?
True
Is 16459699 prime?
True
Is 115403989 a composite number?
False
Is 7772669 prime?
True
Is 28262379 composite?
True
Is 154888963 a composite number?
False
Is 49506565 composite?
True
Is 365059 a composite number?
True
Is 15491711 composite?
False
Is 20984935 prime?
False
Is 2575673 a prime number?
True
Is 1945399 a prime number?
True
Is 874154 prime?
False
Is 22253461 prime?
False
Is 2376919 a composite number?
True
Is 15595693 a composite number?
False
Is 6318019 a composite number?
False
Is 28277 prime?
True
Is 1484701 a prime number?
True
Is 84038639 a prime number?
False
Is 13011007 prime?
True
Is 58792103 composite?
True
Is 15673621 a prime number?
True
Is 3766559 a composite number?
False
Is 1328198 a prime number?
False
Is 1250057 a prime number?
True
Is 241672643 a prime number?
True
Is 96136663 a prime number?
False
Is 1398577 a prime number?
True
Is 59176573 prime?
True
Is 149273755 composite?
True
Is 2031839 composite?
False
Is 66131231 a composite number?
False
Is 64779427 a composite number?
False
Is 24112306 a composite number?
True
Is 7980587 composite?
False
Is 410317 prime?
True
Is 242150099 a prime number?
True
Is 159776369 a prime number?
True
Is 40069443 prime?
False
Is 798991 a composite number?
True
Is 6083479 a prime number?
True
Is 245885267 a composite number?
True
Is 153337 prime?
True
Is 184712621 a prime number?
False
Is 119839297 a prime number?
False
Is 414699749 a prime number?
True
Is 1911961 prime?
True
Is 44965181 a composite number?
True
Is 391847 a prime number?
True
Is 13490193 a prime number?
False
Is 117955531 a composite number?
True
Is 108101813 a prime number?
True
Is 40486253 prime?
True
Is 732400421 a prime number?
False
Is 7358731 prime?
True
Is 7996259 prime?
True
Is 4443973 prime?
True
Is 3753389 prime?
False
Is 75272207 composite?
True
Is 368745679 a composite number?
True
Is 33709061 prime?
True
Is 6807711 composite?
True
Is 430230719 prime?
False
Is 35226119 a prime number?
True
Is 3357677 a prime number?
True
Is 7476247 a composite number?
False
Is 237962149 composite?
False
Is 164357 composite?
False
Is 1326383 a composite number?
False
Is 80651 a prime number?
True
Is 634656749 a prime number?
False
Is 5347807 a composite number?
False
Is 5041661 a prime number?
True
Is 17550727 prime?
True
Is 18871393 a prime number?
False
Is 2202307 a composite number?
True
Is 861131 a composite number?
False
Is 149081098 a prime number?
False
Is 15183655 a composite number?
True
Is 15333601 a prime number?
True
Is 5156303 a composite number?
True
Is 4046507 composite?
False
Is 4836383 prime?
True
Is 19353029 a composite number?
False
Is 419971199 composite?
False
Is 848753 prime?
False
Is 4852783 prime?
False
Is 69330169 composite?
True
Is 624791929 prime?
False
Is 112729867 a prime number?
False
Is 6279233 composite?
True
Is 800971 a composite number?
False
Is 23102731 composite?
False
Is 1418779 prime?
False
Is 4512563 composite?
True
Is 36874067 a composite number?
False
Is 510072491 a composite number?
True
Is 1357703 prime?
True
Is 58079911 a composite number?
True
Is 689049167 a prime number?
True
Is 171811351 a composite number?
True
Is 7552333 a composite number?
True
Is 1680247 composite?
False
Is 45757109 composite?
True
Is 253049 composite?
False
Is 3416871 a prime number?
False
Is 100708199 composite?
True
Is 1643357 a composite number?
False
Is 13246523 a prime number?
False
Is 31379 composite?
False
Is 43802477 a prime number?
False
Is 32398514 a prime number?
False
Is 347048159 a composite number?
False
Is 1628260685 a composite number?
True
Is 133481 a prime number?
True
Is 48177097 prime?
False
Is 17632019 a prime number?
False
Is 2409038371 a composite number?
False
Is 99794909 a composite number?
True
Is 18024277 a prime number?
False
Is 77606167 composite?
True
Is 232721 a composite number?
True
Is 2413007 prime?
True
Is 111187 prime?
True
Is 1894649 composite?
True
Is 324001901 a composite number?
False
Is 9155339 composite?
False
Is 1092702631 prime?
True
Is 29972353 a prime number?
False
Is 1426051 a prime number?
False
Is 11519147 prime?
True
Is 1334933 a prime number?
True
Is 514457113 a prime number?
False
Is 24551129 prime?
True
Is 4264001 a composite number?
True
Is 9362909 a composite number?
True
Is 908041 a composite number?
False
Is 3180085 prime?
False
Is 25027109 a prime number?
False
Is 17194067 prime?
False
Is 45869542 prime?
False
Is 9568469 composite?
False
Is 41897633 composite?
True
Is 16361117 prime?
False
Is 2550983 prime?
False
Is 8109761 a composite number?
True
Is 3781159 a prime number?
False
Is 1971467 prime?
True
Is 1397956639 a composite number?
False
Is 35423167 a prime number?
False
Is 7956847 composite?
False
Is 234601061 a prime number?
False
Is 558751 a composite number?
True
Is 28849159 a composite number?
True
Is 2537849 a composite number?
True
Is 86176477 prime?
True
Is 116391683 prime?
True
Is 75925169 composite?
True
Is 3998989 prime?
False
Is 4517787 composite?
True
Is 45848155 prime?
False
Is 10395353 a prime number?
True
Is 1204274 composite?
True
Is 49282379 composite?
False
Is 11034017 a composite number?
True
Is 57096307 a composite number?
False
Is 1872781 a prime number?
False
Is 52311881 a prime number?
False
Is 3012819 prime?
False
Is 27519071 prime?
True
Is 13837715 a prime number?
False
Is 78610177 prime?
False
Is 1832011 a composite number?
False
Is 1995331 composite?
True
Is 3338401 a prime number?
False
Is 868573 composite?
True
Is 163469 a composite number?
False
Is 171475487 a composite number?
True
Is 85417553 a composite number?
True
Is 779327 prime?
True
Is 25454467 prime?
True
Is 730837 a prime number?
True
Is 157355959 a prime number?
True
Is 16016177 a composite number?
False
Is 214852879 composite?
True
Is 117889979 a composite number?
False
Is 582484471 composite?
False
Is 26968003 a prime number?
True
Is 2036201 a prime number?
True
Is 5181733 a prime number?
True
Is 1582297 composite?
False
Is 340407159 prime?
False
Is 111467 a composite number?
False
Is 148679 a composite number?
True
Is 35795461 composite?
True
Is 18116311 composite?
False
Is 101556773 prime?
True
Is 3406991 composite?
True
Is 25166503 composite?
False
Is 16535767 prime?
False
Is 305307691 prime?
False
Is 16740551 a composite number?
True
Is 768659 a composite number?
True
Is 19478519 prime?
False
Is 6667127 composite?
False
Is 7248862 composite?
True
Is 4303241 a composite number?
False
Is 333007 a composite number?
True
Is 14689729 composite?
False
Is 51682793 prime?
False
Is 780371 a prime number?
True
Is 170621989 a composite number?
True
Is 36275083 a prime number?
False
Is 21242677 a composite number?
True
Is 9622673 a composite number?
True
Is 2745703 a composite number?
True
Is 96643 a composite number?
False
Is 22409951 a prime number?
True
Is 1397881139 composite?
False
Is 6209351 prime?
True
Is 1672603 a prime number?
True
Is 1077121 composite?
True
Is 136762673 composite?
False
Is 23182081 prime?
False
Is 52575463 prime?
False
Is 77651603 a composite number?
False
Is 77143939 prime?
True
Is 84699599 prime?
True
Is 267733 a composite number?
True
Is 8746351 a composite number?
False
Is 4145873 prime?
True
Is 9103043 a prime number?
False
Is 3711317 a prime number?
False
Is 81974671 composite?
False
Is 127292411 a prime number?
True
Is 13141537 composite?
False
Is 219501881 a composite number?
True
Is 105460711 composite?
False
Is 15880877 a prime number?
False
Is 34118113 composite?
False
Is 65682039 prime?
False
Is 6068263 composite?
True
Is 1886153 a composite number?
False
Is 2488243 a prime number?
False
Is 11082473 a prime number?
False
Is 19779607 a prime number?
True
Is 508061 a prime number?
False